e 3*q = -z*v + 60, v + 6 = -2*v. Suppose -q*k = -20*k - 1678. Is k a prime number?
True
Let u be (-390)/312*(-3464)/5. Let b = 4551 - 2603. Let r = b - u. Is r composite?
True
Let d(l) be the first derivative of 2*l**2 - 27*l + 34. Let x be d(8). Suppose 0 = 4*s + 4*k - 372, x*s + k - 465 = 5*k. Is s prime?
False
Suppose 4*z + 4 = -h, 2*h + 3 = -3*z + 3*h. Is (0 + z)*-1 - -4 - -1644 prime?
False
Let q = 10 - 5. Suppose q*z - 5001 - 604 = 0. Is z prime?
False
Is 31722/663 + -48 + -1 + 20165056/13 a prime number?
True
Suppose 0 = -3*m - c - 79010, -6*m = -5*m + 2*c + 26330. Let w be m/(-6)*3 - -5. Suppose -6962 - w = -12*i. Is i prime?
False
Suppose -242 = 4*t - 2*t. Let s be -1*2*t/(-2). Let g = 370 + s. Is g composite?
True
Suppose -2*c = 4*b - 16, 5*c = 4*b - 11 + 9. Suppose 4*a - 3 = 2*r + 11, -2*r = -5*a + 19. Suppose -y + b*v + 226 = 0, -a*v = -7*v - 6. Is y prime?
False
Let g = 27 + -12. Suppose -10*j = -7*j - g. Suppose -2*b + 3280 = -2*v, 2*b + 1307 - 4590 = j*v. Is b composite?
True
Let r be 3 - (4/(-8))/((-1)/(-48)). Suppose 25*b + 3242 = r*b. Let q = b + -944. Is q composite?
False
Let u = 182932 - 129387. Is u composite?
True
Let u be (36/8)/(0 + (-6)/(-8)). Is (12538/3 - 8/u) + -1 a composite number?
False
Let l(s) = -3*s**3 - s - 1. Let r(x) = 28*x**3 - 2*x**2 + 23*x - 5. Let q(b) = 5*l(b) + r(b). Is q(3) a prime number?
False
Let g be ((-3)/(6/(-4)))/(2/13). Let k = -5 + g. Is ((-30)/24)/5 + 4434/k a composite number?
True
Suppose -2*s + 3*c + 263032 = -33702, -296702 = -2*s - 5*c. Is s prime?
True
Suppose 107*n - 183881753 = -67*n - 35*n. Is n prime?
True
Let v = -467 + 484. Suppose 0 = n + 2*n + 3*u - 33, 5*n = u + 79. Suppose 254 = v*g - n*g. Is g composite?
False
Suppose 359086 = 79*n - 72*n. Suppose 5*b = -5*q + 17447 + n, -q + 4 = 0. Is b composite?
True
Let p be (7 - 3) + (-40914)/(-2). Suppose -47*q = -54*q + p. Is q composite?
True
Let k(z) = -z**2 - 18*z + 63. Let v be k(-21). Is (-5021 + -41)/((-1 - v)*2) prime?
True
Let v(o) = -40293*o - 6506. Is v(-11) a prime number?
True
Let d be 30/4*80/8. Suppose q + d - 604 = 0. Is q a prime number?
False
Suppose 98*l = 40*l + 33*l + 1437950. Is l a prime number?
False
Let y(a) = -4*a + 36. Let h be y(8). Suppose -3*g + h*g = 3. Suppose 4*z - 2*b + 7*b - 2648 = 0, -2*z = g*b - 1322. Is z composite?
True
Let h = -7730 + 10874. Suppose -3*w + 727 = -3362. Let v = h - w. Is v prime?
False
Is 25050703/(-184)*28*(-4)/14 prime?
True
Let h = -48545 + 231269. Suppose -33*d + 202221 + h = 0. Is d prime?
False
Let z = 241 - 239. Suppose 3*o - 39157 = -3*g + 33800, -48630 = -z*g + 2*o. Is g a prime number?
True
Suppose y = 2*a + 571481, 289*y = 286*y - 2*a + 1714403. Is y composite?
False
Let p = -64 - -69. Suppose -121 = -2*x + p*u, -4*u + 23 = x + u. Is 33 + x - (0 + -1 - 1) composite?
False
Suppose 9*w - 14*w - 10*p = -1407655, -5*p = 2*w - 563059. Is w a prime number?
False
Let j = 224324 + -48451. Is j prime?
True
Let j = 25954 - 963. Suppose -5*a + j = -147114. Is a composite?
False
Let t(j) = 95*j**2 + 9*j + 5. Let y(x) = 21*x - 13. Let i be y(8). Suppose q + 162 = i. Is t(q) composite?
False
Suppose -2*p + 25 = -5*d, d - 9 = 4*d. Suppose 2*x - 6 = -3*f, p*x - x - f = -2. Suppose 7*b - 4*b - 471 = x. Is b a prime number?
True
Suppose -7074 = 5*h - 23179. Let c = -1880 - -3950. Let x = h - c. Is x composite?
False
Let v(w) = w**2 - w - 3. Let a be v(3). Suppose 2*h - a*d - d = 6830, 2*d = -5*h + 17111. Is h composite?
True
Let k be (-9)/18 + (0 - 5/(-2)). Suppose -5069 = -k*n - 5*d + 6*d, 0 = 4*d + 12. Is n a prime number?
False
Is 1284652*(-4)/(-4)*18/72 a composite number?
False
Is 4/4*-2078*(-30)/20 composite?
True
Suppose -2*h = -h - 5*j - 23, h + 13 = -4*j. Let t(m) = 32*m**2 - 8*m - 19. Let x(q) = 16*q**2 - 4*q - 10. Let d(y) = h*t(y) - 5*x(y). Is d(-2) composite?
True
Suppose 0 + 65 = 13*o. Is (3 + 391 + -8)*o/2 a composite number?
True
Let s = -6 - -11. Let m be (-11 + 5)*(-1 + (-1)/3). Is (s - m)/(-6)*38 composite?
False
Let q = 1072222 - 546561. Is q a composite number?
True
Let v(o) = -31*o**2 + 33. Let j(y) = -10*y**2 + 11. Let s(l) = 8*j(l) - 3*v(l). Is s(-8) composite?
False
Suppose -33*q = -160701 - 388320. Is q a composite number?
True
Let y be (-1 - (-1 - -2))/(40/(-5540)). Let n = 352 + y. Is n a composite number?
True
Let q(d) = -2*d - 1 + 4 + 26*d**2 - 1 + 8. Let i be q(7). Suppose -121*o + i = -119*o. Is o a composite number?
True
Suppose -166*w - 21808674 + 74265172 = 0. Is w prime?
True
Suppose -4*w - 40575 = -14*w - 5*w. Is w a composite number?
True
Let u(n) = -n**3 - 23*n**2 + 20*n - 24. Let m be -2 - 80/3 - (-3)/(-9). Is u(m) a prime number?
False
Suppose 4*f = -3*b + 1565548, 9*f = 10*f + 2*b - 391387. Is f composite?
False
Suppose 0 = t - 1600 - 585. Let g be 3*(t - -5 - 3). Let s = 11470 - g. Is s a prime number?
True
Suppose m - 118 = -4*p, -4*m + 22 = -6*p + 7*p. Let t(u) = 194*u - 221. Is t(p) a prime number?
False
Let t = -1055111 + 1936934. Is t a prime number?
False
Let v(g) = 9318*g - 173. Is v(7) composite?
False
Let l(v) = 2742*v**2 + 3*v - 31. Suppose 2*a + 18 = 2*r, 2*r + 2*a = -a - 7. Is l(r) prime?
True
Let m(k) = k**3 + 14. Let w be m(0). Suppose 2*o + 5 = 2*a - 11, -3*o = -5*a + w. Let b(t) = -15*t + 26. Is b(o) a prime number?
False
Let u(y) = 28*y**3 + 14*y**2 - 14*y + 131. Is u(11) prime?
False
Let k = 253521 + -33230. Is k prime?
True
Suppose -i = -4*l + 163246, i + 81630 = 2*l - 3*i. Is l prime?
False
Suppose 0 = 5*y - 5*p - 22 - 3, 0 = -y + 4*p + 14. Is 2126 - ((-15)/25 + y/(-5)) a composite number?
True
Is 419521*2*((-750)/20 + 38) a composite number?
True
Let o = 209109 + -112281. Suppose -o = 3*n - 9*n. Is n prime?
False
Let g be 189/(-35) - (-4)/10 - -4. Is (g/(-3))/((-9)/(-116667)) a composite number?
True
Let b(y) = 6*y**3 - 14*y**2 + 13*y - 151. Is b(14) a composite number?
False
Suppose 0 = 9*q + 20 - 92. Is (q/6 + 4/12)*13227 prime?
False
Is 419612/46 - (-21)/(-3) a composite number?
True
Let i(j) = -j**3 + 5*j**2 - 6*j. Let h be i(3). Suppose 2*r - 4*w + 61 = 7*r, -2*r + 3*w + 6 = h. Suppose 26461 + 19484 = r*c. Is c composite?
True
Let i = 57 - 44. Suppose -i*o + 66247 = 10074. Is o composite?
True
Suppose 5*b - 5*y + 12 - 42 = 0, 15 = b - 4*y. Let z be -9*b*(4/4)/(-9). Suppose 3*q - z*i = i + 2897, -1938 = -2*q + 4*i. Is q a composite number?
True
Suppose g - 31 - 2 = 0. Suppose -g = -6*r + 51. Is (-21 - -4)/((-2)/r) a prime number?
False
Let a = -542 - -540. Is (-1)/((-36135)/18065 - a) + 0 prime?
True
Let h be (1 - -4)*(1 - 0). Suppose l + 4449 = h*n - 4791, -3*n + 3*l + 5556 = 0. Is n prime?
True
Let c(o) = 344*o - 50. Let z = -116 + 104. Let w be c(z). Let l = w - -5919. Is l composite?
False
Is 9*(-5)/(-90)*354982 composite?
True
Suppose 2583*i = 2575*i + 1819256. Is i a prime number?
True
Let n(k) = -5*k + 3*k - 1 + k. Let r be n(-4). Suppose -531 = -s + r*u, 2693 = 5*s + 3*u + u. Is s composite?
True
Let q(v) = 9*v**2 - 49*v + 15. Suppose -1028 + 948 = -5*g. Is q(g) prime?
False
Suppose -9*p = -36, -115*o - 4*p = -112*o - 1420249. Is o prime?
True
Suppose 0 = -9*x - 4*z + 626175 + 216656, 4*x - 374598 = -5*z. Is x a composite number?
True
Let t = -480 + 295. Suppose -12236 = -22*s + 8136. Let l = s - t. Is l a composite number?
True
Let r be (-3)/(-9) + 636/(-18). Let a = r - -37. Suppose -a*d + 617 - 99 = 0. Is d a prime number?
False
Let y(z) = -185*z + 9. Let h be y(-10). Suppose -2*a = -263 - h. Is a composite?
False
Suppose 67*l - 5971040 - 2893387 = -76*l. Is l a composite number?
True
Let t = 236 + -225. Let u(w) = -w**3 + 11*w**2 + 27*w - 2. Is u(t) composite?
True
Suppose l - 1 = 2*u, -u + 5*l = -3*u + 29. Suppose 1978 = -t + 3*t + 4*j, u*t + 3*j - 1979 = 0. Is t a prime number?
True
Let g(x) = x**2 - 5*x - 2. Let o be g(-2). Is ((-30)/o)/(2/(-1724)) prime?
False
Let m(y) = 95*y**2 + 129*y + 2371. Is m(-18) composite?
False
Let g = -8671 - -40464. Is g composite?
False
Suppose 5*g = 7*g - 4. Suppose 4*b + 0 + 24 = 5*t, 0 = 4*t + b - 15. Suppose 4*m = t*f - 7888, 3*f - 5917 = -0*m + g*m. Is f composite?
False
Let q(r) = -r**2 + r + 2. Let w(b) = 106*b**2 - 2*b - 14. Let v(i) = 10*q(i) + w(i). Is v(-1) composite?
True
Let p be -8 + 325/10 - 2/4. Let j be p/9 - (1 - (-3)/(-9)). Is j/(-3) - -25210*2/12 pr